ppose 11*x - 60 = 6*x + 5*c, 3*c = -5*x + 52. Suppose x*a = i*a - 5*u - 38, -4*a + 3*u + 237 = 0. What is the tens digit of a?
6
Let s(j) = -25*j - 46. Let q be s(-2). Suppose 3*r - 11 = 19. Suppose -r - q = -2*t. What is the units digit of t?
7
Let t(u) = 2*u + 26. Suppose 3*k + 12 = 0, -k + 42 = 5*b + 6. Let r = b - 13. What is the units digit of t(r)?
6
Let x(j) = -4*j - 13*j**3 - 5*j + 8*j**2 + 14*j**3. Let q be x(-9). Suppose q = 11*g - 7*g - 392. What is the units digit of g?
8
Let h = 1574 + -1594. Let v be (73/(-2))/(2/(-20)). What is the hundreds digit of (8/h)/(-1)*v - 3?
1
Let j(i) = -3*i**3 - 2*i - 1. Let y(u) = -503*u**3 + u**2 + 11*u + 5. Let d(x) = 5*j(x) + y(x). What is the units digit of d(-1)?
8
Suppose -4*q - 4*f = -8*f - 6612, -3*q = 3*f - 4941. What is the units digit of q/4 - 6/4?
1
Let k(t) = 27 + 30 - 79 + 21 - 21*t. Suppose -5*o + 5*i - 24 = 1, o - 4*i = -14. What is the units digit of k(o)?
1
Let j(h) = 2*h**2 + 34*h - 66. Let t be j(-24). Let c = -96 + t. What is the hundreds digit of c?
1
Let b(z) be the third derivative of 109*z**5/60 + z**4/12 - 5*z**3/2 + 210*z**2. What is the units digit of b(3)?
2
Suppose -f = -2*t - 149, 0 = 3*t - 3 + 6. Suppose -2*y = 3*m - 219, -2*y = -2*m - f - 57. What is the hundreds digit of y?
1
Let d = -44621 + 65259. What is the tens digit of d?
3
Suppose 5*f = -3*d + 5261, 19*f = -4*d + 23*f + 7036. What is the tens digit of d?
5
Let w be (-2)/4 - (-190862)/28. Suppose 9*i = w + 1599. What is the hundreds digit of i?
9
What is the units digit of ((-20)/12)/(205/(-1556934))?
8
Suppose 4*k - 210243 = -3*n, -10253*k + n = -10256*k + 157676. What is the thousands digit of k?
2
Suppose 4*n = -n + 10. Suppose -t = n*t - 204. Suppose -i = -0*i - t. What is the units digit of i?
8
What is the tens digit of (-5 - (-1896)/(-60))/((44/40)/(-11))?
6
Let y(q) = -254*q + 104. Let u be y(-3). Let w = u + -218. What is the units digit of w?
8
Suppose 50*h - 43*h - 43722 = 0. What is the thousands digit of h?
6
Let v = -14 - -17. Let t(n) = -n**2 - n + 6. Let c be t(v). What is the tens digit of ((-39767)/(-42))/19 + (-1)/c?
5
Suppose 0 = 3*l + 4*q - 36770, 12*q + 20 = 7*q. What is the thousands digit of l?
2
Let p = -619 - -623. Suppose 2*v + 10 = 0, 7*v = -w + p*v + 463. What is the units digit of w?
8
What is the hundreds digit of 489 - ((-30)/(-35))/((-5)/(-175)*-5)?
4
Let g be 11/5 + (-8)/(-10). Let v be -10 - -1*(g - 6). Let w(f) = -5*f + 5. What is the tens digit of w(v)?
7
Let z(b) = -7*b - 39. Let d(o) = -o**3 - 6*o**2 + o + 18. Let g be d(-6). Let p be ((-22)/(-12) - 2)*4*g. What is the tens digit of z(p)?
1
Suppose 3*m - 544 = -154. Let h = -340 + 603. Suppose 2*l - 3*o - h = 0, 3*o = -l + 6*o + m. What is the units digit of l?
3
Suppose 0 = -30*b + 433289 + 915121. What is the ten thousands digit of b?
4
Suppose 2*b - 5*a = 22, -26 + 2 = -3*b + 3*a. Suppose -b*r + 609 = -261. What is the tens digit of r?
4
What is the units digit of 513/(-6)*(-4)/(-8)*(4 - 260)?
4
Suppose -657 = 2*t - 3*t. Let q = t + -382. Suppose q + 30 = 5*f + 3*v, -2*f = -3*v - 122. What is the tens digit of f?
6
Let r be (-10)/((2 - 1) + -3). Suppose -13*h = r*h. Suppose -7*p + 502 = 2*a - 5*p, h = 2*p. What is the units digit of a?
1
Let k(y) = -y**3 - 2*y. Let j(h) = -207*h**3 + 2*h**2 - 12*h - 4. Let c(p) = j(p) - 4*k(p). What is the tens digit of c(-2)?
3
Suppose -72 = -77*b + 74*b. Let k = 31 - b. Let t(j) = -j**3 + 10*j**2 - 2*j - 15. What is the hundreds digit of t(k)?
1
Let y be 5 - (-86)/(-18) - (-70)/9. Suppose 3*z - 19 = y. Suppose 946 = z*i + 127. What is the tens digit of i?
9
Suppose 70*h - 186*h = 127*h - 1532844. What is the units digit of h?
8
Suppose 60*q = 55*q + 97280. Suppose q = -3*p + 19*p. What is the hundreds digit of p?
2
Let b(u) = -u**3 + 11*u**2 - 11*u + 22. Let z be b(8). Suppose -133*s + 8799 = -z*s. What is the tens digit of s?
5
Let b(t) = 280*t**3 - 3*t**2 - 19*t + 61. What is the tens digit of b(3)?
3
Suppose -2*o + 16 = -5*v, 6*o - o - 2*v = 61. Let a(k) = -6*k**2 + 25*k - 3*k**2 + 2*k**2 + 6*k**2 + 4 - 3. What is the hundreds digit of a(o)?
1
What is the units digit of (-35399)/(-3) - ((-88)/264)/((-2)/4)?
9
Suppose 0 = -4*o + 5*z + 20252, 20248 = -71*o + 75*o - 4*z. What is the tens digit of o?
5
What is the ten thousands digit of ((-14659)/(-411))/(1277/(-1278) - -1)?
4
Let h(w) = 34266*w**3 + 13*w**2 - 5*w + 6. What is the tens digit of h(1)?
8
What is the units digit of (843/18*2)/(19/2679)?
7
What is the units digit of 16266 + 1 + -47 + 34?
4
Let n be (-2)/(-2) - (8 + -10)*1. Suppose 3*j - 930 = -5*i, n*i - 6*i + 552 = 3*j. What is the tens digit of i?
8
Let y(s) = 13*s**2 + 7*s + 22. Let k be y(8). Suppose 3*i = -11*i + k. What is the units digit of i?
5
What is the units digit of ((-76)/190)/(4/(-40)*1/2308)?
2
Let n = 1022 - 528. Suppose -5*s + i + i = -2482, s + 2*i = n. What is the units digit of s?
6
Let j be (13 - 5) + (-2 - 2). Suppose -1606 = -j*v - 394. What is the tens digit of v?
0
Let y = 897 - -5061. What is the tens digit of y?
5
Suppose -88*l - 10057 = -201950 - 326867. What is the thousands digit of l?
5
Let p = -14117 - -34616. What is the thousands digit of p?
0
Suppose -2*p + 4*p + 438 = z, 2*z = p + 870. Suppose 9*s - 3359 + z = 0. What is the units digit of s?
5
Suppose 6*x - 3*x - 52 = -5*k, 0 = x - k - 4. Let i = 15 - 12. Suppose -t - 15 = -i*v, v + 4*t - x = 3*t. What is the units digit of v?
6
Let c(l) = 0 - 13*l + 8 + 9*l + 3*l. Let i be c(6). Suppose i*p + 2*u - 57 = -u, 4*p = 3*u + 159. What is the tens digit of p?
3
Suppose -138 + 2 = -8*o. Suppose 4*y = 5*b - 27, -2*b + o*y = 22*y - 24. What is the units digit of b?
7
Let v be 429 + 2 + (-1 - 2). Let f = -715 + v. Let a = -187 - f. What is the tens digit of a?
0
Let k = 195 + -193. Suppose -m + 5*q = -1401, 5*q + k = -18. What is the tens digit of m?
8
Let y(q) = 21*q**2 + 3*q + 8. Let n(t) = -2*t**2 + 6*t + 6. Suppose 5 = 3*w - 7. Let d be n(w). What is the tens digit of y(d)?
8
Let z = 375 - 618. Let d = z + 482. Suppose d + 115 = 6*p. What is the tens digit of p?
5
Let d be 2/2 - 1 - 3. Let r(b) = -124*b + 1. Let q be r(d). Suppose 2*p - 4*p + 142 = -2*s, 5*p + s - q = 0. What is the units digit of p?
4
Let w(a) = 2 - 8 + 342*a - 11 - 4. What is the tens digit of w(1)?
2
Let q = 221 - 206. Suppose q*m - 25037 + 7637 = 0. What is the thousands digit of m?
1
Let y = 264 + -264. Suppose 232*v - 228*v - 5100 = y. What is the hundreds digit of v?
2
Let j be 4*((-1)/(-2) + 2) + -2. Suppose 4*m = j*m - 644. What is the tens digit of m?
6
Let g be 4 - (54 - 0) - -1. What is the tens digit of (2 + -5)*(g - (2 + -2))?
4
Suppose 5*z - w = 3*w - 274, -2*w = 3*z + 182. Let x = z - -44. What is the units digit of 77/x*-1*(-18)/(-1)?
9
Let i be (-146372)/814 + (24/(-11) - -2). Let x = i + 250. What is the units digit of x?
0
Suppose -4*y + 96 = -5*y. Suppose z - 5*v = 154, 4*z - 4*v - 113 = 439. Let o = z + y. What is the units digit of o?
8
What is the ten thousands digit of (-161125)/(-5) - ((-108)/6)/6?
3
Let j be ((-160)/(-25) - 6) + 11464/(-10). What is the units digit of j/2*(-11 - -10)?
3
Let t(y) = 13 - 25*y - 11*y - 4*y. Let w be t(-5). Suppose -3*h - w = -2*c, -3*c - h = 2*h - 297. What is the units digit of c?
2
What is the units digit of (18 + 15280/(-100))*-10?
8
Let d(q) = -q**2 - 14*q + 82. Let x = 96 - 113. What is the units digit of d(x)?
1
Let w = -7 - -7. What is the hundreds digit of (10 + w - (9 - 12))*25?
3
Let a(j) = 8*j + 340 - 5*j + 52 - 109 - 96*j. What is the hundreds digit of a(-8)?
0
Suppose 0 = 2*f - a + 14, -3*f = 2*a + 14 - 7. Let m(o) = 5*o + 3 + 4*o**2 + 2*o**2 - 4*o**2. What is the units digit of m(f)?
8
Let t be (-210)/4*(154/(-21) + 6). Let b = t - 70. Let k(z) = -z**2 + z + 6. What is the units digit of k(b)?
6
Suppose -4*b = -3*h - 34, -h + 5*b - 8 = 7. What is the units digit of ((-65)/(-26))/(h/(-8))*18?
6
Suppose 3*c - 7*c + 9377 = -3*v, 4 = 4*v. Suppose 7*g = 2*g + c. What is the hundreds digit of g?
4
Let w(d) = 4*d**2 - 90*d - 11. What is the units digit of w(52)?
5
Let m(z) = 255*z + 65. Let u be m(-9). Let r = u + 3434. What is the tens digit of r?
0
Let q be 6/(-2)*-10 + 0 - -1. Let l = q - 20. Suppose s = 3*c - l, -3*s + 0*c - 4*c + 32 = 0. What is the u